 (2/3 + n)?
7
Suppose -166*h - 588 = -159*h. What is the tens digit of h/5*(3 - (-182)/(-4))?
1
Suppose -4*k + 3844 = 768. Suppose 5*m = 4*x - 623, -5*x - 2*m + 5*m = -k. What is the units digit of x?
2
Let x = 3620 - -1318. What is the units digit of x?
8
Let k = 636 - 891. Let n = k + 475. What is the units digit of n?
0
Suppose 257*o - 2*l + 7879 = 260*o, 0 = -5*o + 5*l + 13140. What is the units digit of o?
7
Let h be (-6)/4*952/(-6). Let s = 995 + -649. Let u = s - h. What is the units digit of u?
8
Let w(j) be the third derivative of 13*j**5/60 + 5*j**4/12 + 3*j**3 - 44*j**2. Let r be w(-4). Let c = 54 + r. What is the units digit of c?
0
Let m(g) = -g**3 - 2*g**2 + 2. Let p be m(-2). Let a be 2/9 + p + (-76)/18. What is the tens digit of (a/(-6))/1 + (-562)/(-6)?
9
Let t = -51914 - -111984. What is the units digit of t?
0
Let k(s) = 24*s**3 - 2*s**2 - 7*s + 7. Let m(d) = -10*d - 57. Let z be m(-6). What is the units digit of k(z)?
6
Suppose j = -3*j + 1072. Let a = j - 114. What is the units digit of a?
4
Suppose -2*l - 5*a = -137256, -a - 343232 = -5*l - 2*a. What is the thousands digit of l?
8
Let i(r) = 158*r**3 - 2*r**2 + 21*r - 39. Suppose 16 = -4*a - 4*u + 44, 3*u = 15. What is the tens digit of i(a)?
5
Let o be (-6 - 74/(-12)) + (-6169)/6. Let v = o + 1754. What is the tens digit of v?
2
Let g(d) = 1561*d**2 + 3*d + 5. What is the tens digit of g(-2)?
4
Suppose 3*u - 822 = 2*o, -4*o = -2*u + 685 - 137. Let l = u - -967. What is the tens digit of l?
4
Let t = -195 + -598. Let q = t - -1506. What is the hundreds digit of q?
7
Let l(s) = -203*s - 202. What is the units digit of l(-7)?
9
Let x(f) = 26*f**2 - 12*f + 20. Let n be (-1 - -8) + (4 + 2)/(-3). What is the hundreds digit of x(n)?
6
Let x be 6964/28 - (-10)/35. Let v = -168 + x. Suppose -4*n + 409 = v. What is the units digit of n?
2
Let w(t) = 76*t**3 + 9*t**2 - 96*t + 443. What is the thousands digit of w(7)?
6
Let p(i) be the second derivative of i**5/20 - 4*i**4/3 + 7*i**3/2 + 5*i**2 - 39*i. What is the tens digit of p(15)?
0
Let l = 5782 + -5787. Let x = 0 + 0. What is the tens digit of (47 + x)/(l/(-10))?
9
Let h = 501 + -946. Let r = h + 1244. What is the hundreds digit of r?
7
Suppose 4*l - 568150 = -106*l. What is the hundreds digit of l?
1
Let k be (-27076)/49 + (-8)/(-14). Let t = 1248 - k. Suppose 0 = -8*c - 496 + t. What is the units digit of c?
3
Let r(l) = -1318*l + 4353. What is the thousands digit of r(-11)?
8
Let t be 4/6 + (-40)/15. What is the units digit of (435/(-10) - t/4)*-7?
1
Let f(z) = z**2 + z. Let j(m) = 21*m**2 - 21*m - 90. Let c(w) = f(w) + j(w). What is the hundreds digit of c(-6)?
8
Suppose 2*b + 9390 = 17*b. Suppose 5*o = 25, w - b - 175 = -2*o. What is the units digit of w?
1
Let m be 16/(-24) - 12885/(-9). Let f = m - 24. What is the hundreds digit of f?
4
Suppose 8*v - 5615 - 241 = 0. Suppose 5*p + r = 1200, 8*p = 5*p - 3*r + v. What is the units digit of p?
9
Let g(a) = 12*a**2 + 179*a - 39. What is the units digit of g(25)?
6
Let d(u) = -50*u + 6. Let l be d(-7). Let s = 588 - l. What is the hundreds digit of s?
2
Let o = -1313 + 4359. What is the hundreds digit of o?
0
Let n(u) = -13 - 12 - u + 3*u - 3*u. Let a be n(-10). What is the units digit of 7 - a - 1*-5?
7
Suppose -18*i - 12 = 60. What is the hundreds digit of 343 + -1 - (-2 + 3 + i)?
3
Let o(c) = -14*c + 58. Let f(n) = -13*n + 26. Let m(u) = 5*f(u) - 2*o(u). Let a be (-27)/4 - (-1)/(-4). What is the hundreds digit of m(a)?
2
Let u(l) = 7*l + 1349. What is the hundreds digit of u(-77)?
8
Let l(u) = 37*u**2 + 7*u - 5. Let d be l(4). Let y = d + 38. Suppose -4*s - 332 = -2*z, 0 = -4*z - 2*s + 51 + y. What is the tens digit of z?
7
Let p = 19714 + -12617. What is the tens digit of p?
9
What is the ten thousands digit of 66/(-18)*-3 + -1 - -19611?
1
Let a(i) = i**2 + 7*i - 42. Let t be 2618/(-242) - (-2)/(-11). Let j be a(t). Suppose -4*z + 138 - 593 = -3*w, -j*z + 8 = 0. What is the tens digit of w?
5
Let z(y) = 3*y + 17. Let d be (1 + 76/8)*(-2)/3. Let w be z(d). Let h = 11 - w. What is the units digit of h?
5
Let a be (-250)/150 - (-28)/6. Suppose 2*m + 33 = a*b - 2*m, 0 = -5*b - m + 32. What is the units digit of b?
7
Suppose 0*n + 210 = -4*n - o, 0 = -5*n + o - 258. Let a = -52 - n. Suppose 5*r - 3*y = -0*y + 82, a = -4*r - 5*y + 36. What is the units digit of r?
4
Let d(q) = -31*q + 33. Let w be d(-9). Let l = 620 - w. What is the tens digit of l?
0
Let q be (-14)/28 + 29/2. Suppose -4*i - q*i = -2124. What is the tens digit of i?
1
Let r be -45*(1 - 301/35). Suppose -r = -o - 61. What is the hundreds digit of o?
2
What is the thousands digit of (806/(-39) - (-6 - 1))/((-1)/933)?
2
Let f = 66386 + -41334. What is the hundreds digit of f?
0
What is the ten thousands digit of ((4/2)/2)/(391430/78285 + -5)?
1
What is the units digit of 68697/11 - (19 - 1863/99)?
5
Suppose -3*p - 14*f + 12*f + 10405 = 0, 2*p + 3*f = 6945. What is the thousands digit of p?
3
Suppose 0 = -17*x + 70169 - 23572. What is the units digit of x?
1
Let w(n) = n**3 + 16*n**2 + 13*n - 9. Let h = 6 + -21. Let a be w(h). What is the hundreds digit of 2127/a - ((-64)/(-28) + -2)?
1
Let c(w) = -2*w**2 - 14*w. Let t be c(-7). Suppose -3*d + 561 = m - t*d, -2*m + d = -1143. What is the tens digit of m?
7
Let x = -39181 + 90708. What is the ten thousands digit of x?
5
Suppose -18*v = -14*v - 3*c - 2696, -4*v = -c - 2696. What is the units digit of v?
4
Let p(s) = -s**3 + 11*s**2 - 8*s - 15. Let i be p(10). Suppose -2*m = j + 2*j + 7, -i*j - 11 = 4*m. What is the units digit of 2*687/(-18)*j*1?
9
Let d(g) = 4*g**3 + 3*g**2 + 10*g + 166. Let y(b) = b**3 + b. Let s(w) = d(w) - 5*y(w). What is the tens digit of s(0)?
6
Suppose 4*w - u + 6*u + 22543 = 0, -2*w - 4*u - 11264 = 0. Let v be (w - 0)/(-4*(-1)/8). What is the tens digit of (-6)/10 + v/(-65)?
7
Let n(c) = -c**3 + 23*c**2 + 23*c + 6. Let l be n(24). What is the units digit of 449 + (-1 - -3)/(l/9)?
8
Let d(r) = 8*r - 108*r + 13 - 20*r + 11. What is the units digit of d(-4)?
4
Suppose 590*p = 576*p + 346780. What is the hundreds digit of p?
7
Suppose -8*t + 8996 = -10188. Suppose -t = -6*n + 818. What is the tens digit of n?
3
Suppose 3541*h - 548940 = 3526*h. What is the ten thousands digit of h?
3
Let d(u) be the third derivative of 49*u**6/40 - u**5/60 + u**4/24 + 44*u**2. Let k be d(1). Let c = k + -65. What is the units digit of c?
2
Let x(q) = -548*q**3 + 3*q**2 + 2*q + 1. Let b = -717 + 716. What is the tens digit of x(b)?
5
Let p = 3748 + -2568. Suppose 5*u - p = -5*o, -9 = 3*u - 6. What is the units digit of o?
7
Let q(g) = g**2 + 5*g + 5. Let m be q(-4). Suppose -j - m = -0*t + t, -4 = j. Suppose -t*k = 4*k - 546. What is the units digit of k?
8
Suppose 5*q + 2*i = 2*q - 2174, 2169 = -3*q + 3*i. Let o = q - -1272. What is the hundreds digit of o?
5
Let i(a) = 4*a**2 + 16*a - 1721. What is the units digit of i(-69)?
9
Suppose 0 = 9*a - 22051 - 1178. What is the tens digit of a?
8
Let l(i) = -6*i + 21. Let j be l(3). Suppose 0*y - 2*y - 5*n = -198, -j*n = 12. What is the hundreds digit of y?
1
Suppose -2*y + y - 50 = -q, 4*q - y - 185 = 0. Suppose -n - q = -1704. What is the tens digit of n?
5
Let p(r) = 2*r**3 - 29*r**2 + 15*r + 741. What is the thousands digit of p(36)?
7
Let g(m) = -120*m**2 - 14*m - 20. Let x(h) = 60*h**2 + 7*h + 10. Let s(c) = -2*g(c) - 5*x(c). Let n be s(-2). Let v = -100 - n. What is the hundreds digit of v?
1
What is the hundreds digit of 7 + 1/((-6)/24) - -797*81?
5
Let t = 4681 + -517. What is the hundreds digit of t?
1
Let x(o) = -27 - 242*o - 224*o - 273*o - 281*o. What is the tens digit of x(-1)?
9
Let i(y) = 35*y - 315. Let h be i(9). Suppose -12*p + 6345 - 225 = h. What is the units digit of p?
0
Let v be (5 - -3 - 3) + -3. Suppose -5*s + s = v*d - 1516, 15 = 5*s. What is the tens digit of d?
5
Let g(z) = 26*z**2 + z - 5. Let q(h) = 3*h + 23. Let r be 24/(-40) - 8*(-4)/(-5). Let b be q(r). What is the hundreds digit of g(b)?
1
Let w(j) = -40*j + 81. Let i be w(-29). Suppose -3*q = o - i, q + 3*q - 1654 = -2*o. What is the units digit of q?
4
Suppose 1674 = p + 2*p. Suppose t = -5*t + p. Let q = t + -18. What is the units digit of q?
5
Let o = 12525 + -8614. What is the tens digit of o?
1
Let q be (1 + (-4879)/21)*(-81)